{"id":2038,"date":"2015-11-07T14:07:24","date_gmt":"2015-11-07T13:07:24","guid":{"rendered":"http:\/\/www.narrenzunft.de\/?page_id=2038"},"modified":"2015-12-28T13:50:55","modified_gmt":"2015-12-28T12:50:55","slug":"unser-jubilaeumsbuch-der-umzug-ging-ums-kroneneck","status":"publish","type":"page","link":"https:\/\/www.narrenzunft.de\/index.php\/jubilaeum-2016-44-jahre\/unser-jubilaeumsbuch-der-umzug-ging-ums-kroneneck\/","title":{"rendered":"Unser Jubil\u00e4umsbuch! &#8211; Der Umzug ging ums Kroneneck"},"content":{"rendered":"<p>Wir haben zu unserem Jubil\u00e4um ein Buch \u00fcber unsere Fasent schreiben lassen. Und als Ergebnis kam dieses wunderbare Buch heraus. In seiner besonderen Art ein wahres Meisterwerk.<\/p>\n<ul>\n<li><a href=\"https:\/\/www.narrenzunft.de\/index.php\/knerblishop\/#!\/Der-Umzug-ging-ums-Kroneneck\/p\/56658496\/category=0\" target=\"_blank\">jetzt online bei uns bestelllen<\/a><\/li>\n<\/ul>\n<p>[embeddoc url=&#8220;https:\/\/www.narrenzunft.de\/wp-content\/uploads\/2015\/11\/Buchbeschreibung.pdf&#8220; download=&#8220;all&#8220;]<\/p>\n","protected":false},"excerpt":{"rendered":"<p>Wir haben zu unserem Jubil\u00e4um ein Buch \u00fcber unsere Fasent schreiben lassen. Und als Ergebnis kam dieses wunderbare Buch heraus. In seiner besonderen Art ein wahres Meisterwerk. jetzt online bei uns bestelllen [embeddoc url=&#8220;https:\/\/www.narrenzunft.de\/wp-content\/uploads\/2015\/11\/Buchbeschreibung.pdf&#8220; download=&#8220;all&#8220;]<\/p>\n","protected":false},"author":3,"featured_media":0,"parent":1776,"menu_order":0,"comment_status":"closed","ping_status":"closed","template":"sidebar-page.php","meta":{"footnotes":""},"class_list":["post-2038","page","type-page","status-publish","hentry"],"jetpack_sharing_enabled":true,"_links":{"self":[{"href":"https:\/\/www.narrenzunft.de\/index.php\/wp-json\/wp\/v2\/pages\/2038","targetHints":{"allow":["GET"]}}],"collection":[{"href":"https:\/\/www.narrenzunft.de\/index.php\/wp-json\/wp\/v2\/pages"}],"about":[{"href":"https:\/\/www.narrenzunft.de\/index.php\/wp-json\/wp\/v2\/types\/page"}],"author":[{"embeddable":true,"href":"https:\/\/www.narrenzunft.de\/index.php\/wp-json\/wp\/v2\/users\/3"}],"replies":[{"embeddable":true,"href":"https:\/\/www.narrenzunft.de\/index.php\/wp-json\/wp\/v2\/comments?post=2038"}],"version-history":[{"count":8,"href":"https:\/\/www.narrenzunft.de\/index.php\/wp-json\/wp\/v2\/pages\/2038\/revisions"}],"predecessor-version":[{"id":2125,"href":"https:\/\/www.narrenzunft.de\/index.php\/wp-json\/wp\/v2\/pages\/2038\/revisions\/2125"}],"up":[{"embeddable":true,"href":"https:\/\/www.narrenzunft.de\/index.php\/wp-json\/wp\/v2\/pages\/1776"}],"wp:attachment":[{"href":"https:\/\/www.narrenzunft.de\/index.php\/wp-json\/wp\/v2\/media?parent=2038"}],"curies":[{"name":"wp","href":"https:\/\/api.w.org\/{rel}","templated":true}]}}