{"id":602,"date":"2012-02-15T12:08:55","date_gmt":"2012-02-15T11:08:55","guid":{"rendered":"http:\/\/www.narrenzunft.de\/?page_id=602"},"modified":"2014-01-07T13:55:10","modified_gmt":"2014-01-07T12:55:10","slug":"unsere-hasfiguren","status":"publish","type":"page","link":"https:\/\/www.narrenzunft.de\/index.php\/unsere-hasfiguren\/","title":{"rendered":"Unsere H\u00e4sfiguren"},"content":{"rendered":"<h1>Die Berghauptener Fasent und Ihre Symbolfiguren<\/h1>\n<blockquote><p>&#8222;Ihr Lit schaue her was ich hab in minere Hond. Es isch Euch vom Illeschpiegel sicher gut bekonnt. De Schpiegel, Burgermeischter, soll Dir vor Auge halte, da\u00df Du immer gerecht bisch, bim verwalte. Un will de Burgermeischter vill Wittblick brucht bire richtige Entscheidung, kriegt er vun mir die Ill zur Begleitung. Die soll Dir \u00fcberd Fasent helfe bim regiere, damit Dir jo kei Fehler tut passiere.<br \/>\nKriege tu ich die Sach wieder am Fasentzischtig. Bis dohin nimsch Dir alles zu Herze, un uns Narre ganz besunders wichtig !&#8220;<\/p><\/blockquote>\n<p><img loading=\"lazy\" decoding=\"async\" class=\"alignleft size-full wp-image-620\" title=\"Wappen\" alt=\"\" src=\"https:\/\/www.narrenzunft.de\/wp-content\/uploads\/2012\/02\/allgemein_bild.jpg\" width=\"165\" height=\"210\" \/>Mit diesem gesprochenen Wortlaut unseres Zeremonienmeisters wird j\u00e4hrlich am 11.11. die 5. Jahreszeit in Berghaupten eingeleitet. Symbolisch f\u00fcr diese Zeit erh\u00e4lt der B\u00fcrgermeister eine lebensgro\u00dfe Holzeule \u00fcberreicht, die als Besonderheit mit dem rechten Fl\u00fcgel einen ihrem Gesicht zugewandten Spiegel h\u00e4lt (&#8230; der Hintergrund ist in dem einleitenden Berghauptener Narrenspruch enthalten).<\/p>\n<p>Die Eule, ein in Berghauptens Bewaldung sehr h\u00e4ufig vorkommendes Tier, tr\u00e4gt im unteren Bereich die eingeschnitzte Inschrift &#8222;Quintessenz der Narrheit&#8220;, als Bezug f\u00fcr die kommende n\u00e4rrische Zeit. Die Antwort ist auf dem ersten Rundbogen unseres Hexenkellergew\u00f6lbes nachzulesen: &#8222;Sapiens &#8211; Insipiens&#8220;, was folgende Bedeutung nach mittelalterlichem Verst\u00e4ndnis hat. Ein Weiser &#8211; ein &#8222;sapiens&#8220; &#8211; war derjenige, der sich Christi Lehre innerlich zu eigen gemacht hatte, nach ihr lebte und sie verbreitete. Ein t\u00f6rrichter Narr &#8211; ein &#8222;stultus&#8220; oder &#8222;insipiens&#8220; &#8211; , war ein Mensch, der in einem Zustand der Geistesblindheit dahind\u00e4mmerte, sich vom Glauben abkehrte und in Auflehnung gegen die Gnade Gottes auf die Heilerwartung verzichtete.<\/p>\n<p>Die Berghauptener Fasent selbst kann auf eine alte Tradition zur\u00fcckblicken.<br \/>\nIm Jahre 1858 tauschten die damals noch freien Narrenvereinigungen von Zunsweier und Berghaupten erstmals einen B\u00fcndnisorden aus.<br \/>\n1958 feierte man zwischen den beiden Narrenvereinigungen die 100-j\u00e4hrige B\u00fcndnistreue im Rahmen eines Freundschaftstreffens in Berghaupten (Quelle: Offenburger Tageblatt vom 04.02.1958).<\/p>\n<p>Dieser B\u00fcndnisorden, der sogenannte <strong>&#8222;J\u00f6rgli-Orden&#8220;<\/strong> , wird noch heute an Pers\u00f6nlichkeiten verliehen, die sich im besonderen Ma\u00dfe um die F\u00f6rderung des heimatlichen Brauchtums verdient gemacht haben. Verliehen wird dieses aus Holz geschnitzte Unikat im November anl\u00e4\u00dflich des Badischen Winhock in der &#8222;Alten M\u00fchle&#8220; auf der Klingelhalde.<br \/>\nDies ist eine Veranstaltung f\u00fcr geladene G\u00e4ste aus Politik, Wirtschaft und Verwaltung, an der eine ganz besondere Weinprobe sowie Mundart-Vortr\u00e4ge in Wort und Gesang das P\u00fcnktchen auf dem &#8222;i&#8220; sind.<br \/>\nIm Jahre 1998 werden die Narrenzunft &#8222;Buhnesch\u00e4fe&#8220; Zunsweier e.V. (VON) und unsere Narrenzunft 140-Jahre B\u00fcndnistreue zwischen den Kurstadthelfern (Berghaupten) und der Moorb\u00e4derstadt (Zunsweier) z\u00fcnftig feiern k\u00f6nnen.<\/p>\n","protected":false},"excerpt":{"rendered":"<p>Die Berghauptener Fasent und Ihre Symbolfiguren &#8222;Ihr Lit schaue her was ich hab in minere Hond. Es isch Euch vom Illeschpiegel sicher gut bekonnt. De Schpiegel, Burgermeischter, soll Dir vor Auge halte, da\u00df Du immer gerecht bisch, bim verwalte. Un &hellip; <a href=\"https:\/\/www.narrenzunft.de\/index.php\/unsere-hasfiguren\/\">Weiterlesen <span class=\"meta-nav\">&rarr;<\/span><\/a><\/p>\n","protected":false},"author":3,"featured_media":0,"parent":0,"menu_order":2,"comment_status":"closed","ping_status":"closed","template":"","meta":{"footnotes":""},"class_list":["post-602","page","type-page","status-publish","hentry"],"jetpack_sharing_enabled":true,"_links":{"self":[{"href":"https:\/\/www.narrenzunft.de\/index.php\/wp-json\/wp\/v2\/pages\/602","targetHints":{"allow":["GET"]}}],"collection":[{"href":"https:\/\/www.narrenzunft.de\/index.php\/wp-json\/wp\/v2\/pages"}],"about":[{"href":"https:\/\/www.narrenzunft.de\/index.php\/wp-json\/wp\/v2\/types\/page"}],"author":[{"embeddable":true,"href":"https:\/\/www.narrenzunft.de\/index.php\/wp-json\/wp\/v2\/users\/3"}],"replies":[{"embeddable":true,"href":"https:\/\/www.narrenzunft.de\/index.php\/wp-json\/wp\/v2\/comments?post=602"}],"version-history":[{"count":13,"href":"https:\/\/www.narrenzunft.de\/index.php\/wp-json\/wp\/v2\/pages\/602\/revisions"}],"predecessor-version":[{"id":1486,"href":"https:\/\/www.narrenzunft.de\/index.php\/wp-json\/wp\/v2\/pages\/602\/revisions\/1486"}],"wp:attachment":[{"href":"https:\/\/www.narrenzunft.de\/index.php\/wp-json\/wp\/v2\/media?parent=602"}],"curies":[{"name":"wp","href":"https:\/\/api.w.org\/{rel}","templated":true}]}}