{"id":640,"date":"2012-02-15T12:48:11","date_gmt":"2012-02-15T11:48:11","guid":{"rendered":"http:\/\/www.narrenzunft.de\/?page_id=640"},"modified":"2013-04-07T12:24:51","modified_gmt":"2013-04-07T10:24:51","slug":"der-bergknapp","status":"publish","type":"page","link":"https:\/\/www.narrenzunft.de\/index.php\/unsere-hasfiguren\/der-bergknapp\/","title":{"rendered":"Der Bergknapp"},"content":{"rendered":"<p><img loading=\"lazy\" decoding=\"async\" class=\"alignleft size-full wp-image-641\" title=\"Der Bergknapp\" src=\"https:\/\/www.narrenzunft.de\/wp-content\/uploads\/2012\/02\/bergknapp_bild.jpg\" alt=\"\" width=\"150\" height=\"230\" \/>Von 1755-1915 wurde in Berghaupten ein Steinkohlebergwerk betrieben. Entdeckt wurde das Steinkohlelager durch <strong>&#8222;Bergknappen&#8220;<\/strong> der Freiherren Roeder von Diersburg und von der Leyen, Zunsweier, im Jahre 1753.<br \/>\nGrundherren von Berghaupten waren in jener Zeit das Adelsgeschlecht von Schley\u00df, die im damaligen Schl\u00f6\u00dfchen, dem heutigen Rathaus, ihren Sitz hatten.<\/p>\n<p>Aus dieser f\u00fcr Berghaupten so geschichtstr\u00e4chtigen Tradition entstand die H\u00e4s-Anw\u00e4rtergruppe der <strong>&#8222;Bergknappen&#8220;<\/strong>, die <strong>&#8222;Steiger&#8220;<\/strong>-H\u00e4sgruppe und die <strong>Zunftkapelle &#8222;Knerblibolderer&#8220;<\/strong>.<\/p>\n<p>Wer in eine der drei H\u00e4sgruppen (Hexe, Sp\u00e4ttle,Steiger) m\u00f6chte, der mu\u00df mindestens ein Jahr lang die Anw\u00e4rtergruppe der Bergknappen durchlaufen. Die gesamte Probezeit bel\u00e4uft sich auf mindestens zwei Jahre. Durch die Vereinssatzung k\u00f6nnen jedoch j\u00e4hrlich nur vier Neubewerber ihre Ber\u00fccksichtigung finden. Die \u00fcbrigen Neubewerber befinden sich auf einer Warteliste und r\u00fccken j\u00e4hrlich nach.<br \/>\nDie zunfteigene Bergknappentracht wurde dem Original der Festuniform der Berghauptener Bergknappen von 1896, anl\u00e4\u00dflich ihres Barbarafestes (Schutzpatronin der Bergleute) in Berghaupten, knopfgenau nachgearbeitet und gefertigt.<\/p>\n","protected":false},"excerpt":{"rendered":"<p>Von 1755-1915 wurde in Berghaupten ein Steinkohlebergwerk betrieben. Entdeckt wurde das Steinkohlelager durch &#8222;Bergknappen&#8220; der Freiherren Roeder von Diersburg und von der Leyen, Zunsweier, im Jahre 1753. Grundherren von Berghaupten waren in jener Zeit das Adelsgeschlecht von Schley\u00df, die im &hellip; <a href=\"https:\/\/www.narrenzunft.de\/index.php\/unsere-hasfiguren\/der-bergknapp\/\">Weiterlesen <span class=\"meta-nav\">&rarr;<\/span><\/a><\/p>\n","protected":false},"author":1,"featured_media":0,"parent":602,"menu_order":30,"comment_status":"closed","ping_status":"open","template":"sidebar-page.php","meta":{"footnotes":""},"class_list":["post-640","page","type-page","status-publish","hentry"],"jetpack_sharing_enabled":true,"_links":{"self":[{"href":"https:\/\/www.narrenzunft.de\/index.php\/wp-json\/wp\/v2\/pages\/640","targetHints":{"allow":["GET"]}}],"collection":[{"href":"https:\/\/www.narrenzunft.de\/index.php\/wp-json\/wp\/v2\/pages"}],"about":[{"href":"https:\/\/www.narrenzunft.de\/index.php\/wp-json\/wp\/v2\/types\/page"}],"author":[{"embeddable":true,"href":"https:\/\/www.narrenzunft.de\/index.php\/wp-json\/wp\/v2\/users\/1"}],"replies":[{"embeddable":true,"href":"https:\/\/www.narrenzunft.de\/index.php\/wp-json\/wp\/v2\/comments?post=640"}],"version-history":[{"count":8,"href":"https:\/\/www.narrenzunft.de\/index.php\/wp-json\/wp\/v2\/pages\/640\/revisions"}],"predecessor-version":[{"id":1217,"href":"https:\/\/www.narrenzunft.de\/index.php\/wp-json\/wp\/v2\/pages\/640\/revisions\/1217"}],"up":[{"embeddable":true,"href":"https:\/\/www.narrenzunft.de\/index.php\/wp-json\/wp\/v2\/pages\/602"}],"wp:attachment":[{"href":"https:\/\/www.narrenzunft.de\/index.php\/wp-json\/wp\/v2\/media?parent=640"}],"curies":[{"name":"wp","href":"https:\/\/api.w.org\/{rel}","templated":true}]}}